377*u - 17759. Calculate i(-42).
-161
Let z(p) = 229*p + 1719. What is z(-7)?
116
Let k(f) = 1754*f - 14018. Determine k(8).
14
Let k(w) = -11*w**3 - 4*w**2 + 187*w - 1058. What is k(7)?
-3718
Let v(m) = 24155*m - 9106436. Determine v(377).
-1
Let k(r) = -r**2 + 154*r - 5319. Calculate k(61).
354
Let x(i) = -1371*i**2 + 21948*i - 217. Determine x(16).
-25
Let w(v) = -v**3 - 1045*v**2 - 4029*v + 518. Calculate w(-4).
-22
Let c(n) = 45*n**2 + 2260*n + 28198. Calculate c(-27).
-17
Let a(p) = 6*p**2 + 1096*p - 31453. Determine a(-208).
163
Let y(k) = -5*k**2 + 642*k + 110528. Calculate y(-98).
-408
Let v(h) = h**2 + 43322*h - 1691031. Determine v(39).
48
Let n(i) = i**2 + 647*i + 74458. Calculate n(-150).
-92
Let l(r) = -618*r**2 - 55623*r - 286. Calculate l(-90).
-16
Let q(j) = 85*j**2 + 18363*j + 618. Calculate q(-216).
-30
Let q(x) = x**3 - 61*x**2 + 481*x - 66. What is q(52)?
610
Let b(w) = -9330*w + 8033123. Determine b(861).
-7
Let y(w) = 564*w**2 + 54*w - 9. Calculate y(1).
609
Let c(h) = -h**3 - 43*h**2 + 7725*h - 360. Calculate c(-112).
-24
Let w(r) = -2*r**2 - 5404*r - 296339. Give w(-56).
13
Let s(a) = 10*a**3 + 399*a**2 + 790*a - 6. Calculate s(-2).
-70
Let z(u) = -4711*u**2 + 23557*u - 4. What is z(5)?
6
Let f(x) = -4*x**2 - 3960*x - 447205. Determine f(-860).
-5
Let x(d) = d**3 - 30*d**2 + 387*d - 10663. What is x(28)?
-1395
Let d(t) = -4*t**3 - 3475*t**2 - 6059*t + 8673. Determine d(-867).
3
Let t(z) = 35*z**2 - 4136*z + 12755. Calculate t(115).
-10
Let z(k) = 1256*k**2 - 4081*k - 3. What is z(4)?
3769
Let a(d) = -3*d**2 - 302*d + 4437. Give a(-114).
-123
Let j(l) = l**3 + 116*l**2 + 542*l - 1190. What is j(-111)?
253
Let t(c) = 184*c - 34718. What is t(191)?
426
Let z(k) = -2817*k**3 + 7*k**2 + 37*k + 28. Give z(-1).
2815
Let t(d) = 3467*d - 27773. Give t(8).
-37
Let n(i) = 23*i**2 - 2302*i - 22363. What is n(109)?
-18
Let f(t) = 1269*t + 26661. Calculate f(-21).
12
Let x(h) = -12*h**3 + 299*h**2 - 58*h + 2051. Calculate x(25).
-24
Let j(c) = 418*c - 5128. Give j(12).
-112
Let j(i) = -3*i**2 - 1413*i - 26525. Give j(-19).
-761
Let g(l) = 18506*l + 55456. What is g(-3)?
-62
Let y(t) = 5*t**3 + 1664*t**2 + 1793*t + 154373. Give y(-332).
-7
Let z(o) = -29*o**3 - 19275*o**2 - 31823*o + 696. Calculate z(-663).
33
Let v(a) = -273*a**2 + 471*a - 1451. Calculate v(3).
-2495
Let m(a) = -12077*a + 12121. Give m(1).
44
Let a(r) = -26*r**2 - 1180*r - 13347. Give a(-22).
29
Let j(a) = 4*a - 1167. Give j(282).
-39
Let t(y) = 345*y - 38993. Give t(117).
1372
Let w(j) = 4*j**3 - 798*j**2 + 20332*j + 222. What is w(30)?
-18
Let r(v) = -43703*v + 1136292. Determine r(26).
14
Let g(h) = -2*h**2 - 119*h - 941. Determine g(-56).
-549
Let r(u) = 5*u**2 - 689*u - 691. Give r(139).
143
Let t(f) = -3*f**3 - 293*f**2 + 1648*f + 104. Give t(-103).
104
Let s(d) = 28*d**2 - 754*d - 888. Determine s(28).
-48
Let l(u) = 6*u**3 - 18*u**2 + 616*u - 3335. Give l(5).
45
Let x(n) = 2*n**2 + 512*n - 541823. Determine x(-664).
1
Let o(y) = -y**2 + 36668*y - 664. Determine o(0).
-664
Let w(m) = -1659*m - 119461. Give w(-72).
-13
Let u(p) = -2*p**2 - 547*p - 37299. Calculate u(-146).
-69
Let c(y) = 2002*y - 536605. Calculate c(268).
-69
Let z(j) = 793*j - 24621. Determine z(31).
-38
Let q(i) = -9690*i + 78397. Give q(8).
877
Let l(r) = -4*r**2 + 30*r + 466. Calculate l(-13).
-600
Let d(o) = -o**3 + 2616*o**2 + 936267*o + 641. Calculate d(-319).
3
Let j(d) = 7*d**3 + 4*d**2 - 84*d - 425. Give j(-5).
-780
Let z(l) = -37*l**2 - 773*l + 903. Determine z(-22).
1
Let h(v) = v**3 + 1022*v**2 + 9989*v - 1296. Determine h(-10).
14
Let s(y) = 2*y**2 + 279*y + 5447. Calculate s(-19).
868
Let l(b) = -59*b**2 - 13*b - 49. What is l(-2)?
-259
Let o(y) = 5*y**2 + 1683*y - 88862. Calculate o(-383).
-6
Let j(x) = -6174*x**2 + 1870722*x - 5. Determine j(303).
-5
Let m(s) = s**2 + 8547*s - 179938. Determine m(21).
-10
Let d(y) = 242*y + 79451. Calculate d(-328).
75
Let k(m) = 1914*m**2 + 342608*m + 345. Calculate k(-179).
-13
Let v(a) = -2*a**2 + 859*a + 15760. Determine v(-18).
-350
Let a(m) = -18138*m - 2811393. What is a(-155)?
-3
Let w(c) = 11*c**3 + 1430*c + 2849. Calculate w(-2).
-99
Let h(m) = -235*m**2 - 261*m + 264. Calculate h(1).
-232
Let p(h) = h**3 + 52*h**2 + 809*h + 45709. What is p(-53)?
23
Let q(p) = p**3 - 23*p**2 - 41*p + 160. Calculate q(13).
-2063
Let s(c) = 32*c**3 + 102*c - 149. Calculate s(0).
-149
Let f(w) = -9*w**2 + 231*w - 548. Calculate f(23).
4
Let t(y) = -184815*y + 156. Determine t(0).
156
Let z(o) = -5185*o + 68552. What is z(14)?
-4038
Let c(v) = -19*v**2 - 176*v + 1208. Determine c(7).
-955
Let o(h) = 360*h - 20031. Calculate o(56).
129
Let r(c) = 123*c - 14464. What is r(131)?
1649
Let b(t) = 2*t**3 + 130*t**2 + 538*t + 3058. Calculate b(-61).
8
Let n(m) = -89*m**2 + 223*m - 9. What is n(3)?
-141
Let k(w) = 326*w + 8816. What is k(-27)?
14
Let o(x) = -3023*x + 9214. Determine o(3).
145
Let g(l) = 24*l**3 - 741*l**2 - 122*l + 819. Determine g(31).
-80
Let o(w) = -206*w + 27715. What is o(134)?
111
Let d(t) = -19*t**3 - 77*t**2 - 19*t - 61. What is d(-3)?
-184
Let y(o) = -3461*o + 813330. Determine y(235).
-5
Let m(h) = 30108*h + 1806441. Give m(-60).
-39
Let z(d) = -4*d**3 - 423*d**2 - 344*d - 3055. Give z(-105).
-10
Let u(i) = -2*i**3 - 201*i**2 - 4889*i + 3997. Give u(-57).
7
Let z(o) = 12814*o - 41030. Determine z(3).
-2588
Let u(r) = -4899*r - 27350. Calculate u(-6).
2044
Let d(n) = 2*n**3 - 9*n**2 - 37*n + 161. Calculate d(5).
1
Let b(w) = -4*w**2 - 186*w - 3142. What is b(-28)?
-1070
Let j(o) = -596*o**2 - 109*o + 82. Give j(1).
-623
Let w(x) = -1900*x**2 - 20858*x + 88. Calculate w(-11).
-374
Let x(i) = -4189*i + 46054. Determine x(11).
-25
Let z(y) = y**3 - 114*y**2 + 1902*y - 247364. What is z(116)?
180
Let c(z) = 3*z**3 - 127*z**2 + 45*z + 22. Calculate c(42).
148
Let k(q) = 80402*q - 160787. Calculate k(2).
17
Let f(v) = 8765*v + 52735. Calculate f(-6).
145
Let c(z) = z**3 + 4*z**2 - 31*z + 145. Determine c(7).
467
Let x(u) = 1084*u - 6531. What is x(6)?
-27
Let j(b) = 14*b**2 - 6005*b - 12067. Give j(-2).
-1
Let m(l) = 243*l**2 + 5339*l - 155. Determine m(-22).
-1
Let f(q) = -3*q**3 - q**2 - 19*q - 51. What is f(4)?
-335
Let s(v) = 426*v - 116287. Give s(275).
863
Let o(n) = 102*n - 23566. What is o(231)?
-4
Let h(f) = f**2 - 1112*f + 302080. Determine h(640).
0
Let z(b) = -8*b**2 - 1545*b - 749. Calculate z(-192).
979
Let a(c) = 387*c**2 + 38309*c - 387. Calculate a(-99).
9
Let x(f) = -937*f - 11. Calculate x(-1).
926
Let w(a) = -54077*a + 1946794. Give w(36).
22
Let g(l) = -l**3 + 9*l**2 + 1908*l - 20766. Calculate g(11).
-20
Let i(d) = 2*d**2 - 1368*d - 169029. What is i(-107)?
245
Let j(w) = -43626*w - 261720. Give j(-6).
36
Let q(o) = -o**2 + 922*o - 29248. Give q(33).
89
Let y(n) = -5*n**3 + 57*n**2 + 9*n - 18. Give y(12).
-342
Let g(z) = 18*z + 825. What is g(-63)?
-309
Let x(y) = -y**2 + 19*y - 593. What is x(26)?
-775
Let a(v) = v**2 + 610*v + 20048. Give a(-575).
-77
Let f(d) = 36*d**2 - 236*d + 183. What is f(6)?
63
Let n(t) = -344*t - 4880. Calculate n(-12).
-752
Let p(h) = 1063*h + 346580. Give p(-326).
42
Let v(p) = -4*p**3 - 7*p**2 + 181*p + 500. Give v(-3).
2
Let i(z) = -7560*z + 317504. Give i(42).
-16
Let m(s) = s**2 - 471*s - 32456. Determine m(-61).
-4
Let o(k) = -78*k + 2489. Determine o(18).
1085
Let l(r) = -2452*r + 149336. What is l(61)?
-236
Let i(r) = -9*r**2 - 1238*r - 13109. What is i(-126)?
-5
Let v(k) = 1862*k + 3760. Determine v(-2).
36
Let a(q) = 41100*q - 739813. What is a(18)?
-13
Let w(m) = -m**2 - 945*m + 392177. What is w(312)?
-7
Let u(j) = -8*j**3 + 94*j**2 + 82*j - 836. What is u(12)?
-140
Let c(z) = 443*z + 2413. What is c(-6)?
-245
Let f(w) = -26*w**2 - 1074*w - 589. Calculate f(-39).
1751
Let z(o) = -181*o + 12920. Determine z(84).
-2284
Let t(m) = 599*m + 14192. What is t(-23)?
415
Let q(p) = 7*p**3 + 557*p**2 - 800*p + 821. Determine q(-81).
11
Let h(r) = 241*r - 29003. Determine h(124).
881
Let z(c) = -c**2 - 84*c + 37189. What is z(155)?
144
Let r(t) = 3*t**3 - 61*t**2 - 353*t + 74. What is r(25)?
-1
Let i(u) = 25815*u + 1574743. Calculate i(-61).
28
Let i(d) = 5*d**2 - 47877*d - 2696801. Calculate i(-56).
-9
Let h(r) = 27789*r - 166633. Determine h(6).
101
Let d(m) = -10487*m + 9710961. Give